 -47408?
-4740b
In base 6, what is 5 + -53451?
-53442
In base 5, what is 141443234 + 10?
141443244
In base 16, what is -1 - ca0f?
-ca10
In base 10, what is -8 - 11654?
-11662
In base 10, what is -697706 + -2?
-697708
In base 6, what is -14544 - -44?
-14500
In base 16, what is -5 + -57e6?
-57eb
In base 7, what is -1023 + 1234?
211
In base 12, what is -19a237 - 4?
-19a23b
In base 8, what is 11474 + 351?
12045
In base 13, what is 2 + -33035?
-33033
In base 7, what is -1 + 25404?
25403
In base 15, what is -a3 + -1ee?
-2a2
In base 7, what is 2460064 + -11?
2460053
In base 2, what is -1110000000 + 110101101?
-111010011
In base 11, what is 105198 + 2?
10519a
In base 2, what is 1 + -1001110101110000000?
-1001110101101111111
In base 9, what is 53 - 48778?
-48725
In base 13, what is 4 + -25773?
-2576c
In base 6, what is 4 - 241?
-233
In base 12, what is -5 - -72062?
72059
In base 7, what is 4 - 206222?
-206215
In base 9, what is 3528 - -35?
3564
In base 15, what is -912 + 13?
-8ee
In base 14, what is -121ad + 16?
-12197
In base 5, what is -4 + -33403133?
-33403142
In base 7, what is 41243034 - 5?
41243026
In base 7, what is 14603401 - 5?
14603363
In base 2, what is -101 - -101011011110010?
101011011101101
In base 4, what is 300 - 10013?
-3113
In base 2, what is -1001011100111 + -110101?
-1001100011100
In base 8, what is -73021 - -1?
-73020
In base 8, what is -2051211 + 2?
-2051207
In base 13, what is cb10 - 16?
cac7
In base 16, what is -b9c + -5?
-ba1
In base 13, what is -21c6 + c?
-21b7
In base 3, what is -1 - 10022021012?
-10022021020
In base 10, what is -255 - -48?
-207
In base 15, what is 2daca0 + 0?
2daca0
In base 15, what is -5 - -14ac1?
14abb
In base 9, what is -222737 + 2?
-222735
In base 11, what is -5 + -53a90?
-53a95
In base 16, what is 1b + -278?
-25d
In base 11, what is 3 - -162a?
1632
In base 12, what is -a32a80 - -3?
-a32a79
In base 10, what is -5 - 2519?
-2524
In base 12, what is -6 - -5457?
5451
In base 6, what is 10 - 255555?
-255545
In base 3, what is -2220 + -22?
-10012
In base 15, what is 26 + -53?
-2c
In base 15, what is -71c7 - 1?
-71c8
In base 8, what is 5 - 54776?
-54771
In base 3, what is 212 + -102012?
-101100
In base 3, what is -1020211211022 + 2?
-1020211211020
In base 13, what is -579895 - 1?
-579896
In base 2, what is -11100010000110110 + 111?
-11100010000101111
In base 3, what is 122110001 + -2?
122102222
In base 15, what is -88 + -89?
-122
In base 10, what is 201 + -199?
2
In base 7, what is 13346 + 112?
13461
In base 8, what is 4 - -143501?
143505
In base 11, what is 1 + 244055?
244056
In base 12, what is -1232 - -45?
-11a9
In base 13, what is 0 + 20cb67?
20cb67
In base 12, what is -741 - -17?
-726
In base 2, what is -1101101100010111 - -11?
-1101101100010100
In base 7, what is 65 - 31443?
-31345
In base 9, what is 725 - 58?
656
In base 11, what is 2 + 10070?
10072
In base 7, what is -4416 + 126?
-4260
In base 5, what is 10 - 2414440?
-2414430
In base 3, what is 1 - 200001202201?
-200001202200
In base 2, what is 101 - -11000011100110101000?
11000011100110101101
In base 11, what is 18366 + 1?
18367
In base 3, what is 200210 + -2022001?
-1121021
In base 8, what is -1 - -360327?
360326
In base 6, what is 43 - 350104?
-350021
In base 5, what is 21142 + 204?
21401
In base 4, what is 11332 - -300?
12232
In base 10, what is 58 + -5421?
-5363
In base 7, what is 3 + 1126350?
1126353
In base 11, what is -3 - -46387?
46384
In base 5, what is -40 - 131403?
-131443
In base 2, what is 1010110011001110001 + 1?
1010110011001110010
In base 4, what is 11 + -230210?
-230133
In base 2, what is 100011100110010011 + 1111?
100011100110100010
In base 14, what is 7d - -97b?
a1a
In base 13, what is -7 - -1a94?
1a8a
In base 16, what is fe + -7?
f7
In base 10, what is 15157 - 3?
15154
In base 14, what is 3 - -33a7?
33aa
In base 13, what is -1a604 - -6c?
-1a565
In base 3, what is 10112201021210 + -1?
10112201021202
In base 9, what is 1016652 - -6?
1016658
In base 7, what is 3631 + 361?
4322
In base 15, what is -7b + -4?
-80
In base 14, what is -22198 - 5?
-2219d
In base 12, what is 3 + -72047?
-72044
In base 13, what is -4b50 - -22?
-4b2b
In base 7, what is -2340 - -4024?
1354
In base 10, what is -36 - 788?
-824
In base 16, what is -6aa + -55?
-6ff
In base 4, what is -313311310 + -10?
-313311320
In base 9, what is 32188 + 7?
32206
In base 13, what is 885 - -2?
887
In base 16, what is -6520e + -4?
-65212
In base 13, what is 6a92 + 2?
6a94
In base 13, what is -11b + -72?
-190
In base 7, what is -1 - 123162?
-123163
In base 13, what is 259 + -68?
1c1
In base 11, what is 5 - 3115a?
-31155
In base 14, what is -289b + 1ac?
-26cd
In base 6, what is -4 - -3335154?
3335150
In base 11, what is 0 + 2066?
2066
In base 4, what is 30031 + 33333?
130030
In base 11, what is 2 - 8860?
-8859
In base 4, what is 232203 - -221?
233030
In base 6, what is -13 - 145212?
-145225
In base 12, what is -12b337 + 2?
-12b335
In base 11, what is 0 + 606859?
606859
In base 5, what is -133130201 + 4?
-133130142
In base 4, what is 1121 + -112322?
-111201
In base 5, what is -1 + 133342133?
133342132
In base 10, what is -23 - -102450?
102427
In base 15, what is -37c - 6?
-383
In base 14, what is 6516 + -2?
6514
In base 11, what is -1086 + 20?
-1066
In base 14, what is -2 - 2523?
-2525
In base 10, what is 7 + 69354?
69361
In base 4, what is -300 + -1000013?
-1000313
In base 3, what is -122 - 101212?
-102111
In base 4, what is 1202032 - -10?
1202102
In base 6, what is 4 + -500540?
-500532
In base 3, what is -10020111222 + 12?
-10020111210
In base 11, what is -106530 + 3?
-106528
In base 7, what is 43153 + -1052?
42101
In base 3, what is -1100220102 + 212?
-1100212120
In base 9, what is 202150 - -8?
202158
In base 10, what is 15649 + 5?
15654
In base 6, what is -411342012 + -4?
-411342020
In base 16, what is 143153 + -3?
143150
In base 11, what is 13 + -112a?
-1117
In base 14, what is 1a1d1 - 3?
1a1cc
In base 16, what is 3 - -38e3?
38e6
In base 13, what is -4 - -32400?
323c9
In base 14, what is -26c34 + -2?
-26c36
In base 4, what is 1202311 + -11?
1202300
In base 6, what is -344240 - 15?
-344255
In base 13, what is -882166 + -3?
-882169
In base 15, what is 4a163 - -9?
4a16c
In base 5, what is 4014211 - -3?
4014214
In base 9, what is 11244 - 15?
11228
In base 6, what is -240 - 10?
-250
In base 3, what is 12202120201122 + -11?
12202120201111
In base 10, what is -643 + -137?
-780
In base 15, what is 318e - -39?
31c8
In base 11, what is -19 - 7168?
-7186
In base 6, what is -1 - -32120?
32115
In base 2, what is 11001 + -1101101010100?
-1101100111011
In base 4, what is 12211230 - 3?
12211221
In base 5, what is 12422 + -31342?
-13420
In base 12, what is a3a63 - -10?
a3a73
In base 16, what is 5 + d4b9?
d4be
In base 5, what is -104001 - 2?
-104003
In base 8, what is 33216 + -4?
33212
In base 6, what is 4 + -15334123?
-15334115
In base 4, what is -13021 + 21000?
1313
In base 5, what is -221430223 - 3?
-221430231
In base 16, what is 21a + -84d?
-633
In base 8, what is -1 + 311750?
311747
In base 2, what is -1101101100111100101010 + 10?
-1101101100111100101000
In base 4, what is -1220112 + -12?
-1220130
In base 3, what is -10 - -2100100110100?
2100100110020
In base 2, what is -1001010101 + -11111?
-1001110100
In base 8, what is -327640 + 0?
-327640
In base 2, what is 1001101001 - 101011?
1000111110
In base 12, what is 0 - -b7bb?
b7bb
In base 4, what is 223 + -22203202?
-22202313
In base 16, what is 168 - 170a?
-15a2
In base 13, what is 11 - 4c6?
-4b5
In base 3, what is 20011 - 20022101?
-20002020
In base 10, what is 134988 + -2?
134986
In base 10, what is 1 + -23640?
-23639
In base 13, what is 12bc - -10a?
13c9
In base 13, what is 16a8c - 4?
16a88
In base 10, what is -201218 - 5?
-201223
In base 12, what is -5 - -b972?
b969
In base 7, what is 152532 - -54?
152616
In base 13, what is -56 + 1032b?
102a5
In base 9, what is 3308516 - 1?
3308515
In base 16, what is 4872 - 3?
486f
In base 13, what is -2214 + 76?
-216b
In base 6, what is -15140 - -1?
-15135
In base 4, what is 1323010221 - -10?
1323010231
In base 14, what is -12dc0a - -5?
-12dc05
In base 9, what is -7 + 1608?
1601
In base 5, what is 21423 + -44?
21324
In base 15, what is -72 + 1e2?
170
In base 5, what is -423012 - -2211?
-420301
In bas